 0*s + 149 = 5*v, -q*v + 72 = -4*s. Suppose -2*h + v = 2*n + 3*n, h + 4 = 2*n. Give f(h).
-3
Let m = -1 - -3. Suppose -7*q = -2*q + 20, -m*z = -5*q - 14. Let v(d) = d**3 + 4*d**2 + 2*d + 2. Give v(z).
5
Let n be (-3)/9 + 114/18. Let k(s) = -s**2 + 7*s - 1. Give k(n).
5
Let l(o) = -o**3 + 6*o**2 - 2*o + 8. Let n be l(6). Let a(u) = u**3 + 3*u**2 - 4*u + 4. Let f be a(n). Let w(s) = -3*s + f + 2*s - 1. Give w(3).
0
Let f(h) = 12 - h**2 + 6 + 2*h - 18. Give f(4).
-8
Let d(c) = -3*c - 14. Let u be d(-6). Let h(y) = -4*y + 2. What is h(u)?
-14
Let d(m) = m - 1. Let p(f) = 5*f + 3. Let j(i) = 2*d(i) + p(i). Give j(1).
8
Let p be 2/6 + (-4)/3. Let a(g) be the first derivative of -2/3*g**3 - 1/4*g**4 - 3 - g - g**2. Calculate a(p).
0
Let o(a) = 3*a**2 - 8*a - 3. Let p(s) = s**2 - 4*s - 1. Let h(v) = -2*o(v) + 5*p(v). What is h(-3)?
4
Let u = -3 - -5. Let z(q) be the third derivative of -q**5/60 + q**4/24 - q**3/6 - q**2. Let l(d) be the first derivative of z(d). What is l(u)?
-3
Let r(c) = c**3 - c**2 - c - 6. Let m(n) = n**3 - 5*n**2. Let v(f) = f**2 - 4*f + 5. Let a be v(4). Let b be m(a). Give r(b).
-6
Let r(m) = m**3 - 5*m**2 + 3*m - 2. Suppose a + 39 = 4*a. Suppose d + 17 = 4*v - v, 3*v + 5*d = -a. Let b be v + -1 - (0 + -1). Determine r(b).
-6
Suppose -r = 3 - 1. Let w be 0/(-4)*1/r. Let m(n) = -4 - n + 4*n**2 + 0 - n**3 + 0 + w*n. Calculate m(3).
2
Let r(f) be the second derivative of -f**5/20 - f**4/3 - f**3/3 + f**2/2 - 4*f. Let z be -2 + 4/2 + 0. Let s = -4 - z. Calculate r(s).
9
Let o = 8 + -6. Suppose -5*s = 3 - 18. Let b(k) = -s*k - 3*k + 5*k + 4. What is b(o)?
2
Let r(u) be the third derivative of -u**5/60 - u**4/24 - 31*u**2. Let f be (-1)/(1/2) + 1. Give r(f).
0
Let v(l) = 4*l**2 + 2*l + 1. Let c = -2 - -4. Suppose 0 = w + 3 - c. Give v(w).
3
Suppose v = 2*v - 2. Suppose -v*z + 7*z = -5. Let t(c) = -10*c**2 - 3*c + 4. Let b(g) = 19*g**2 + 5*g - 7. Let h(k) = 3*b(k) + 5*t(k). Give h(z).
6
Let y = 17 + -11. Let a(j) = j**2 - 4*j + 1. Give a(y).
13
Let t(s) = -9*s - 7. Let f be t(-3). Suppose -2*h + 4 = -2*z + f, 5*z - 16 = -3*h. Let u(m) = m**3 - 6*m**2 + 5*m + 7. Calculate u(z).
7
Let i(a) = a + 0*a - 143 + 144. Calculate i(-8).
-7
Suppose -4*z + 28 = 3*t, z = 3*t + 2*z - 34. Suppose 5*g = g + t. Let j(d) = -4 + 5 - 2*d + 6*d - 3*d**2 + d**2. Give j(g).
-5
Let g(p) = -p**2 - 5*p + 2. Let b = 5 + -4. Suppose -u + 3 = b. Suppose u*s = 5*s + 15. Determine g(s).
2
Let d(y) = -2*y + 1. Suppose -h + 24 = 3*h. Suppose n = 4 - h. Determine d(n).
5
Let a(q) = 9*q**2 + 2*q + 1. Suppose 9*r - 13*r = 4. Calculate a(r).
8
Let q(m) = -m + 1. Let g(p) = 3*p - 2. Let i(z) = 2*g(z) + 5*q(z). Determine i(-7).
-6
Let j = -6 - -4. Let x be (-4)/j + -1 + -7. Let v be x/(-9)*-1*3. Let i(l) = l**3 + l**2 + 4*l + 3. Determine i(v).
-9
Let m(s) = s**2 + 7*s - 6. Let u = 32 - 39. Determine m(u).
-6
Suppose -d = -4*v + 3*d + 32, -2*v + 4*d + 26 = 0. Let o(h) be the second derivative of -2*h**3/3 + h**2 + 5*h. Calculate o(v).
-10
Let a(b) be the first derivative of -2*b**3/3 + 3*b**2/2 + 3*b - 7. Determine a(3).
-6
Let i(k) = -2*k + 1. Let r be 1 + -3 - (8 - 6). What is i(r)?
9
Let k(y) = -10*y - 3*y - 4 + 12*y. Suppose 11 = 3*p - 2*q, -q - 13 = -4*p - 0*p. Suppose 0 = 2*o, -r - 3*o - p = 1. Calculate k(r).
0
Let y = -17 - -13. Let t(v) = -v**2 - 3*v + 1. Let s be t(y). Let k(i) = -i**2 - 4*i - 2. What is k(s)?
1
Let u(v) = 5*v + 1. Let n(x) = -1. Let j(c) = -4*n(c) - u(c). What is j(4)?
-17
Let l(z) = z + 13. Let t be l(-8). Suppose h + 3 = -5*i, h + 4 = t*i + 1. Let b(p) = -2*p + 5. Let r(o) = -o + 2. Let d(g) = 2*b(g) - 5*r(g). What is d(i)?
0
Suppose 19 = 5*c + 2*l, 3 = 2*l - 1. Let k(t) = -2*t**2 + 2*t + 4. What is k(c)?
-8
Let c be ((-18)/(-3))/((-6)/4). Let t(q) = -q**2 - 3*q - 1. Give t(c).
-5
Let h(s) = -s**2 - 4 + 5*s + 0 + s**3 + 0*s**3. Let l = -9 - -5. Let p(n) = -3*n**3 + 3*n**2 - 14*n + 11. Let z(m) = l*p(m) - 11*h(m). Give z(2).
6
Suppose -2 = 2*b - 4*b. Let p = b - -4. Let l(x) = x**3 - 6*x**2 + 6*x - 7. Determine l(p).
-2
Let z(i) = -i**3 - 11*i**2 + 6*i + 21. Let a(g) = -g**2 - g. Let p(s) = 5*a(s) + z(s). Let y be p(-16). Let b(o) = -2 + 5 - o + 0. Calculate b(y).
-2
Suppose 45 = 2*c - 5*u, 2*u = -c + 6 + 21. Suppose l = -4*l + c. Let b(h) = -h**3 + 6*h**2 - 2*h - 2. Calculate b(l).
13
Let w(d) = -d**2 + 8*d. Let f = 16 + -10. Let c = f + 0. Determine w(c).
12
Let x(g) be the second derivative of g**5/20 - g**4/2 + 5*g**3/6 + 2*g**2 + 2*g. Suppose 0 = -4*m - 0*m - s + 15, 3*m - 10 = -s. Give x(m).
4
Let n(f) = 8 - 10 + f**2 - 5 - 7*f. Calculate n(8).
1
Let l(q) be the first derivative of q**3/3 - q**2/2 + 4*q + 27. Give l(4).
16
Suppose 5*p = -0*q - q - 21, 3*q + 4*p + 8 = 0. Let h(s) = 4 + s - s**2 + s + q*s. Determine h(4).
12
Let d = 1 - 0. Let a(x) = -18*x**2 - 7. Let l(q) = 9*q**2 + 3. Let n(r) = 4*a(r) + 9*l(r). What is n(d)?
8
Let l(b) = -b**2 + 1. Let v be 19/2 + (-9)/6. Suppose -v = -3*h + 7*h. What is l(h)?
-3
Let t(i) = i - 4. Let d be 0/(-1*(3 - 2)). Calculate t(d).
-4
Let w(r) be the third derivative of -r**4/24 - 5*r**3/6 + 12*r**2. Give w(4).
-9
Suppose 9*m + 8 = 5*m. Let z(f) = -10*f - 1. Let t(x) = -21*x - 2. Let j(c) = m*t(c) + 5*z(c). Calculate j(-1).
7
Suppose -3*j + 0*i = 3*i, 5*j + 10 = 5*i. Let t(z) = 4*z**2 + 1. Let q be t(j). Suppose q*f + 8 = -2*s + 28, s = -5. Let v(h) = h - 2. Calculate v(f).
4
Let k(f) = -f**3 - 3*f**2 - 5*f - 4. Let g = 55 - 58. Calculate k(g).
11
Let b(p) = 6*p + 0*p**3 + p**3 - 3*p - 4*p**2. Let j(s) be the first derivative of s**4/4 + 5*s**3/3 - s**2/2 - 2*s - 4. Let y be j(-5). What is b(y)?
0
Let h(w) = w + 8. Let c be h(-11). Let m(v) be the first derivative of 2*v**2 - 2*v + 1. Let d(o) = 6*o - 3. Let y(u) = -5*d(u) + 8*m(u). What is y(c)?
-7
Suppose 0 = -g + 2*z + 1, 0 = -4*g - 5*z - 2 + 19. Let w(m) = m - 5 + g + 6. Determine w(-3).
1
Let t(s) = 2*s**3 - 3*s - 1 - 9 - s**3 + 4*s. Give t(0).
-10
Let s(k) = -k**3 - 6*k**2 - 2*k - 3. Suppose 9*m = 13*m - 16. Suppose -15 = b + 5*y - 0*y, -m*b = y + 22. What is s(b)?
-18
Suppose 5*l = 2*r - 0*r - 19, -4*r + 23 = -5*l. Let s(j) = -2 + j + 0 - r - 5. Let c be (4/(-8))/(-1)*0. What is s(c)?
-9
Suppose 2*o + 133 = 5*u, o + 42 = 4*u - 65. Let b be (-1)/3 - 18/u. Let s(w) = 2 - 9*w**2 + 4 - 5. What is s(b)?
-8
Let m(c) = -4*c**2 - c + 1. Let d(u) = u**3 + 5*u**2 + 3*u - 2. Let r be d(-4). Let h be 3 + (-2 - -2 - r). What is m(h)?
-4
Let n(s) = s**2 + 3*s - 7. Suppose -3*f = 5*i + 70, -3*i - 5*f + 0*f = 26. Let d = i + 12. Give n(d).
3
Suppose -t = -4*t - 5*f - 9, -t = 3*f + 7. Let h(q) = -2*q**2 + 2. Calculate h(t).
-6
Let j(y) = -y - 8. Let s be j(-10). Let x(u) = 4 + 4*u + 3*u**2 + 3*u - u**3 - 7*u**s + 0. Calculate x(-5).
-6
Let f(y) = 6*y + 6 + y**2 + 2*y + 1. Suppose 145 - 26 = 7*s. Suppose u + 2*p - s = 4*u, 4*u + 22 = 2*p. Give f(u).
-8
Let r(g) be the second derivative of g**4/3 + 2*g**3/3 + g**2 + 108*g. Suppose -1 = 2*t + 3. Calculate r(t).
10
Let b(w) = -2*w - 24 + 7 + 14. Give b(3).
-9
Let n(j) = 16 + 10*j - 33 + 16 + j**2. Give n(-7).
-22
Suppose -4*h + 2*d + 8 = 0, -3*d + 4 + 0 = 2*h. Suppose 0 = 3*a + 3*k - 9, -k = 2*a - 4 - 0. Let q = h - a. Let s(t) = 5*t**3 + t - 1. Give s(q).
5
Let c(o) be the second derivative of o**6/360 + o**5/20 + o**3/3 - 2*o. Let t(a) be the second derivative of c(a). What is t(-6)?
0
Let k = -57 - -59. Let d(a) = a**2 - 1. Give d(k).
3
Let o be ((-60)/10)/(0 - -2). Let y(q) = -q**3 + 4 - 2 - 3*q**2 - 1. What is y(o)?
1
Let w(b) = -b**3 + 5*b**2 + 8*b - 2. Let o = 21 + -19. Suppose 3*u - 6 = -o*x, -u = 2*x - 4 - 6. Determine w(x).
10
Let r(p) be the third derivative of -p**6/120 + p**5/20 + p**4/8 + 2*p**3/3 - 7*p**2. Give r(4).
0
Suppose -5*f + 5*t + 36 + 9 = 0, f - 21 = 5*t. Let o(z) = z**3 - 7*z**2 + 6*z - 7. What is o(f)?
-7
Let l be (-3)/(-6)*2 + 0. Suppose -3*p + 2 = -l. Let m(c) = -3*c**2 + 4*c - 1 + 0*c**2 - 2*c. Calculate m(p).
-2
Let b(l) be the third derivative of l**6/120 - l**5/30 - l**4/8 - l**3/3 + 4*l**2. Suppose -2*z - 10 = -4*a - 4*z, -5*a + 2*z = -17. Determine b(a).
-2
Let o(y) = -15*y**3 - 10*y**2 - 2*y - 4. Let t(n) = 2*n**3 + n**2 + 1. Let r(l) = o(l) + 6*t(l). What is r(-2)?
14
Let q = -2 - -7. Let x = -5 + q. Suppose x = -2*o + o + 1. Let f(l) = -l + 2. What is f(o)?
1
Let b(c) b